lse
Is 7 a factor of 6229?
False
Is 9 a factor of 351?
True
Is 600 a multiple of 6?
True
Is 29 a factor of 2141?
False
Is 2875 a multiple of 3?
False
Is 118 a factor of 4956?
True
Is 63164 a multiple of 114?
False
Is 2112 a multiple of 48?
True
Is 33 a factor of 3180?
False
Is 48 a factor of 681?
False
Is 14 a factor of 2926?
True
Is 29 a factor of 14197?
False
Is 143 a multiple of 11?
True
Does 13 divide 20423?
True
Is 11 a factor of 19?
False
Is 355 even?
False
Does 5 divide 58?
False
Is 9 a factor of 186?
False
Does 12 divide 2415?
False
Is 17 a factor of 477?
False
Does 7 divide 454?
False
Is 5 a factor of 1794?
False
Is 4248 a multiple of 36?
True
Is 9 a factor of 4041?
True
Does 14 divide 661?
False
Does 48 divide 9936?
True
Is 404 a factor of 107890?
False
Does 4 divide 952?
True
Is 23300 a multiple of 50?
True
Does 22 divide 2816?
True
Is 11499 a multiple of 6?
False
Does 55 divide 3762?
False
Is 43 a factor of 1077?
False
Is 30 a factor of 2070?
True
Is 51320 a multiple of 10?
True
Is 133 a factor of 7448?
True
Does 3 divide 162?
True
Does 27 divide 1458?
True
Does 13 divide 13?
True
Is 58433 a multiple of 11?
False
Is 9 a factor of 99?
True
Does 83 divide 9879?
False
Does 46 divide 66516?
True
Is 86 a factor of 6966?
True
Is 65 a factor of 3418?
False
Does 13 divide 706?
False
Does 66 divide 2112?
True
Is 332 a multiple of 14?
False
Does 9 divide 12104?
False
Is 137154 a multiple of 27?
False
Is 54201 a multiple of 89?
True
Does 16 divide 4592?
True
Does 11 divide 49874?
True
Does 17 divide 21162?
False
Is 33 a factor of 231?
True
Is 2070 a multiple of 15?
True
Is 3465 a multiple of 99?
True
Is 2970 a multiple of 297?
True
Is 9 a factor of 171?
True
Is 4 a factor of 272?
True
Is 180 a factor of 6660?
True
Is 13 a factor of 16367?
True
Is 192 a multiple of 32?
True
Does 26 divide 10894?
True
Is 36 a factor of 720?
True
Is 4 a factor of 370?
False
Is 25 a factor of 18638?
False
Is 26 a factor of 1014?
True
Does 23 divide 529?
True
Is 4 a factor of 596?
True
Does 7 divide 270?
False
Is 138 a factor of 87216?
True
Is 1253 a multiple of 3?
False
Is 2017 a multiple of 44?
False
Is 720 a multiple of 40?
True
Does 9 divide 44716?
False
Does 5 divide 1555?
True
Is 21566 a multiple of 35?
False
Is 6292 a multiple of 11?
True
Does 16 divide 28320?
True
Is 68 a factor of 506?
False
Is 2051 a multiple of 7?
True
Is 38 a factor of 8372?
False
Is 2580 a multiple of 129?
True
Is 2380 a multiple of 14?
True
Is 25 a factor of 4325?
True
Does 23 divide 3761?
False
Is 8 a factor of 560?
True
Does 2 divide 80?
True
Does 24 divide 6276?
False
Does 214 divide 19046?
True
Is 46284 a multiple of 114?
True
Is 86 a factor of 58738?
True
Does 10 divide 1459?
False
Is 1038 a multiple of 31?
False
Does 41 divide 709?
False
Is 19 a factor of 1387?
True
Is 106968 a multiple of 11?
False
Does 12 divide 3464?
False
Is 7 a factor of 406?
True
Is 16 a factor of 7232?
True
Is 2037 a multiple of 44?
False
Is 55313 a multiple of 230?
False
Is 10 a factor of 17136?
False
Is 3 a factor of 50?
False
Does 88 divide 22352?
True
Is 9 a factor of 1656?
True
Is 23 a factor of 52865?
False
Does 12 divide 194?
False
Does 40 divide 3272?
False
Is 17680 a multiple of 34?
True
Is 2080 a multiple of 35?
False
Does 35 divide 2030?
True
Does 64 divide 15808?
True
Does 2 divide 1339?
False
Does 22 divide 232?
False
Does 8 divide 160?
True
Is 245 a factor of 34790?
True
Does 135 divide 18900?
True
Does 4 divide 136?
True
Is 25932 a multiple of 12?
True
Does 11 divide 165?
True
Does 16 divide 672?
True
Is 3228 a multiple of 6?
True
Does 11 divide 526?
False
Is 1788 a multiple of 9?
False
Is 2 a factor of 1501?
False
Is 3189 a multiple of 18?
False
Is 21 a factor of 1806?
True
Is 87 a factor of 8263?
False
Is 29 a factor of 2204?
True
Is 2387 a multiple of 21?
False
Is 3145 a multiple of 85?
True
Is 358 a multiple of 21?
False
Is 832 a multiple of 16?
True
Does 4 divide 424?
True
Is 39 a factor of 11719?
False
Is 118 a factor of 4956?
True
Does 23 divide 949?
False
Is 5966 a multiple of 4?
False
Does 5 divide 15571?
False
Is 43809 a multiple of 12?
False
Is 670 a multiple of 5?
True
Is 5400 a multiple of 54?
True
Is 332 a multiple of 15?
False
Is 44 a factor of 1267?
False
Does 6 divide 3542?
False
Is 9430 a multiple of 41?
True
Is 458 a multiple of 13?
False
Does 12 divide 26916?
True
Is 282 a multiple of 94?
True
Does 98 divide 1945?
False
Is 6 a factor of 1817?
False
Is 2073 a multiple of 33?
False
Is 369 a multiple of 9?
True
Is 139 a multiple of 38?
False
Does 14 divide 34320?
False
Is 110 a multiple of 48?
False
Does 14 divide 1304?
False
Is 9840 a multiple of 41?
True
Is 83 a factor of 3896?
False
Is 27 a factor of 38043?
True
Does 62 divide 2504?
False
Is 95 a multiple of 2?
False
Does 66 divide 3168?
True
Does 61 divide 4528?
False
Is 93 a multiple of 3?
True
Is 7 a factor of 2381?
False
Is 911 a multiple of 58?
False
Is 28 a factor of 573?
False
Is 18150 a multiple of 66?
True
Is 6202 a multiple of 16?
False
Is 1382 a multiple of 39?
False
Does 3 divide 1113?
True
Is 15 a factor of 935?
False
Is 94 a multiple of 34?
False
Is 2466 a multiple of 9?
True
Is 281 a multiple of 18?
False
Is 1000 a multiple of 5?
True
Is 2904 a multiple of 88?
True
Is 689 a multiple of 10?
False
Is 7 a factor of 3304?
True
Does 2 divide 140?
True
Is 1016 a multiple of 5?
False
Is 61 a factor of 32879?
True
Does 38 divide 2853?
False
Does 20 divide 4822?
False
Does 107 divide 28676?
True
Is 10 a factor of 460?
True
Is 167 a factor of 15252?
False
Is 49 a factor of 1998?
False
Is 120 a multiple of 15?
True
Is 3222 a multiple of 18?
True
Is 13 a factor of 4888?
True
Is 13 a factor of 286?
True
Is 9 a factor of 522?
True
Does 25 divide 2284?
False
Does 124 divide 20138?
False
Is 1578 a multiple of 6?
True
Does 79 divide 3239?
True
Is 68660 a multiple of 19?
False
Is 840 a multiple of 14?
True
Is 3 a factor of 24051?
True
Is 28 a factor of 993?
False
Does 19 divide 574?
False
Is 5 a factor of 7192?
False
Does 41 divide 13735?
True
Is 18 a factor of 2720?
False
Is 15 a factor of 180?
True
Does 39 divide 19305?
True
Is 41 a factor of 36449?
True
Is 2 a factor of 210?
True
Is 7 a factor of 27480?
False
Is 133 a factor of 49742?
True
Is 23 a factor of 25162?
True
Is 2406 even?
True
Is 160 a factor of 5517?
False
Is 23593 a multiple of 148?
False
Is 12568 a multiple of 22?
False
Is 14288 a multiple of 19?
True
Is 3111 a multiple of 146?
False
Is 10 a factor of 9368?
False
Does 9 divide 12951?
True
Is 2250 a multiple of 47?
False
Is 9045 a multiple of 11?
False
Is 3580 a multiple of 39?
False
Does 41 divide 13694?
True
Is 8 a factor of 19038?
False
Is 23 a factor of 759?
True
Does 22 divide 990?
True
Does 22 divide 1958?
True
Does 15 divide 4305?
True
Does 64 divide 832?
True
Does 4 divide 11758?
False
Is 16 a factor of 61776?
True
Is 25 a factor of 53?
False
Does 88 divide 1855?
False
Does 22 divide 11346?
False
Does 18 divide 92898?
True
Is 7194 a multiple of 22?
True
Is 63 a factor of 1767?
False
Is 14 a factor of 285?
False
Is 7 a factor of 434?
True
Is 742 a multiple of 9?
False
Is 445 a multiple of 21?
False
Is 8771 a multiple of 209?
False
Does 22 divide 374?
True
Is 14259 a multiple of 21?
True
Is 1560 a multiple of 6?
True
Is 23 a factor of 1241?
False
Is 86 a factor of 2322?
True
Is 8 a factor of 21448?
True
Is 636 a multiple of 22?
False
Is 94 a multiple of 2?
True
Does 27 divide 15783?
False
Is 82 a multiple of 14?
False
Is 26103 a multiple of 94?
False
Is 896 a multiple of 4?
True
Is 3058 a multiple of 3?
False
Is 57 a factor of 3950?
False
Does 151 divide 3624?
True
Does 30 divide 110781?
False
Does 60 divide 16980?
True
Is 7060 a multiple of 33?
False
Does 11 divide 1441?
True
Is 4823 a multiple of 90?
False
Is 38 a factor of 19000?
True
Does 39 divide 3795?
False
Is 38 a factor of 36381?
False
Is 10 a factor of 510?
True
Does 28 divide 45416?
True
Is 1056 a multiple of 24?
True
Is 28 a factor of 32508?
True
Is 23 a factor of 1011?
False
Is 14022 even?
True
Does 17 divide 21267?
True
Does 14 divide 42?
True
Does 57 divide 11559?
False
Is 8 a factor of 2200?
True
Is 5 a factor of 3926?
False
Is 912 a multiple of 48?
True
Is 1300 a multiple of 20?
True
Is 7565 a multiple of 17?
True
Is 1313 a multi